r(2).
-10
Let z(o) be the third derivative of -o**4/12 - 7*o**3/6 - 15*o**2. Let u be (-120)/(-72) + (-28)/6. Determine z(u).
-1
Let f(t) be the first derivative of -t**5/60 - 5*t**4/12 - 3*t**3/2 - 30*t**2 - 4. Let o(d) be the second derivative of f(d). Give o(-7).
12
Suppose 5*b + 29 = 2*h, -3*b = h - 9442 + 9433. Let g(z) = 3*z - 6*z - 13*z. Give g(b).
16
Suppose -59*k + 733 - 351 = 264. Let w(q) = -q**2 + q + 4. Calculate w(k).
2
Let b be (64/20 + -4)/((-7)/(-35)). Let c(a) = 5*a + 18. Let r be c(b). Let g(k) = -1 - 3*k + 5*k - 3*k. Calculate g(r).
1
Let y = -103 - -109. Let j(b) = -5*b**2 + b**2 - 2*b + y*b**2 - b**2 - 2*b**2 + 2. Let f = 1 + 2. Determine j(f).
-13
Let i(n) = 2*n**2 + 2*n - 12. Let s be i(3). Let m be 2/24 - (-11)/s. Let g(q) = q - 2. Calculate g(m).
-1
Let g(m) = 2 + 7*m + 2*m**2 + 0*m - m - m**2. Let r = -136 - -59. Let z = r + 71. Give g(z).
2
Let f(y) = -34*y - 157. Let w(i) = -10*i - 52. Let u(a) = 2*f(a) - 7*w(a). Give u(-32).
-14
Suppose 5*g = -h - 16, h - 110 = 3*g - 94. Let b(z) = -3*z**3 + 12*z**2 - 4*z + 2. Give b(h).
-14
Let q(i) = -2*i**2. Let o(u) = -5*u**2 + 7*u - 3. Let n(y) = o(y) - 3*q(y). Determine n(6).
75
Let v = -2 + 5. Let t(d) be the second derivative of -d**5/20 + d**4/4 - d**3/6 + 2*d**2 + 36096*d. Determine t(v).
1
Let w(p) = 4*p + 35. Let o(l) = 158*l + 7883. Let r be o(-50). Give w(r).
-33
Let h(l) = 394 - 1214 + 413 + 457 + 18*l + l**2. Give h(-14).
-6
Let i(p) = -5*p**2 + 141*p - 94. Let f(k) = 14*k**2 - 398*k + 280. Let j(v) = -6*f(v) - 17*i(v). Calculate j(14).
-12
Let g(f) = 2*f**2 - 2*f - 2. Let n be (-4 - -3)/((-6)/36). Let s be (-12)/9*9/n. What is g(s)?
10
Let j(p) = 17*p - 50. Let m = -13234 + 13237. Determine j(m).
1
Let s(o) = o + 4. Let a = -1 + -5. Let w = 976 - 941. Let v be (-294)/w + a/10. Calculate s(v).
-5
Let z(f) = -f**2 + 4*f + 2. Let u = 135 - 135. Suppose u = -r + 6 - 3. Calculate z(r).
5
Let k(d) be the second derivative of -11*d**3/3 - 2*d**2 + 580*d - 1. Give k(0).
-4
Let i(q) be the second derivative of q**5/20 - 5*q**4/12 - 2*q**3/3 - 13*q**2/2 + 7*q + 76. Calculate i(6).
-1
Let t(d) = 2 - 4*d + 66875*d**2 - 133752*d**2 + 66875*d**2 + d**3. Give t(3).
-1
Let f(m) = -m + 8. Let y(n) = -n**3 + 2*n**2 + 11*n + 1. Suppose 370*k + 12 = 364*k. Let v be y(k). Determine f(v).
13
Suppose -2*p = 13 + 3. Let q be -2 + (4/p)/1*2. Let a(o) = o - 1485 + 1485 + 4*o**2 + o**3. Determine a(q).
6
Let c(t) = -t + 2. Let o be c(-3). Let i(y) = -1 - 2*y + o*y + 3*y. Let j be (-12)/9*11/(176/(-12)). Give i(j).
5
Let w = -18922 + 18919. Let j(b) = 58*b + 176. What is j(w)?
2
Let n(z) be the third derivative of 0 + z**3 + 165*z**2 + 1/60*z**5 + 0*z - 1/8*z**4. Let k(f) = -2*f - 1. Let i be k(-3). Determine n(i).
16
Let j be 1 - -10 - 1/(-1). Let z(g) = -153*g - 123*g - 1 - 142*g + 419*g. Determine z(j).
11
Let t(z) = 88498*z**3 + z**2 - 31 - 14*z**2 - 88497*z**3 - 12*z. Give t(14).
-3
Let a(v) = v**2 - 22*v + 84. Let u(i) = 766*i + 4613. Let j be u(-6). What is a(j)?
-1
Let g(p) be the second derivative of p**4/12 + p**2/2 + 7*p - 59. Give g(7).
50
Let f be (-1)/(5 + (-5664)/1134). Let g = f + 197. Let w(n) = n**3 - 9*n**2 + 7*n - 1. Calculate w(g).
-9
Let m(s) = 8*s + 166 + 141 - 337. Let h be m(3). Let a(q) = -q - 8. Calculate a(h).
-2
Let y be (105/4)/15*148. Suppose -260*v - 4 = -y*v. Let u(j) = -j**3 - 5*j**2 + j + 3. Calculate u(v).
-17
Let y(v) = 11*v + 236. Let p be y(-21). Let h(b) = 12*b**2 - 14*b - 17. Let f(r) = 5*r**2 - 7*r - 8. Let i(s) = 5*f(s) - 2*h(s). Calculate i(p).
-16
Let c(s) = 35*s + 279. Let i(a) = -29*a - 278. Let f(q) = 3*c(q) + 2*i(q). Give f(-6).
-1
Let w = 41 + -46. Let j(v) = -v + v**2 + 9*v + 691 - 685 + 0*v**2. Give j(w).
-9
Let n(q) = q. Let s(t) = 6*t - 2. Let d(m) = -5*n(m) + s(m). Let v be (-1)/(((-10)/46)/5). Suppose -5 - v = -4*u. Determine d(u).
5
Let w(l) = l + 1. Let z(g) = 2*g**3 - 4*g**2 - 21*g + 8. Let a be z(4). Let m(t) = 9*t + 119. Let s be m(a). Give w(s).
12
Let j(k) = -36*k + 605. Let u be j(19). Let y(w) = -w**2 + 9*w + 7. Let f be y(-6). Let b = f - u. Let d(i) = -2*i - 5. Calculate d(b).
3
Let o(d) = 2*d + 11. Let p(x) = -20*x - 121. Let r(m) = -22*o(m) - 2*p(m). Let w = 9 + -5. What is r(w)?
-16
Let v = 11 - 19. Let r(o) = 0*o**3 - 46 - 35 + o**2 - 9*o**2 - 37 + 127 - o**3. Calculate r(v).
9
Let p(v) = -72*v + 66. Let c(s) = 14*s - 13. Let i(u) = -11*c(u) - 2*p(u). Let m(j) = -29*j + 32. Let o(w) = -17*i(w) + 6*m(w). Give o(4).
-11
Let l(m) be the first derivative of m**3/3 - 3*m**2 + 13*m - 1205. What is l(7)?
20
Let y(g) = -12*g**2 + 2*g - 3. Suppose x = 3*f + 7, -35*x + 2*f + 9 = -30*x. Give y(x).
-13
Let p(b) be the third derivative of b**6/120 - b**5/60 - b**4/24 + b**3/6 + 681*b**2. Determine p(2).
3
Let x(l) = 30*l**2 - 310*l**3 + 158*l**3 + 151*l**3 - 5 - 22*l**2. Give x(9).
-86
Let v(x) be the third derivative of -2 - 1/24*x**4 + 0*x - 10*x**2 + 0*x**3. Let r(a) = -a - 8. Let h be r(-4). Give v(h).
4
Let o(r) = -r**3 - 7*r**2 - 6*r - 3. Suppose 7*z + 2276 = 2234. Calculate o(z).
-3
Let l(d) = -39 + 87 - 650*d - 8 + 648*d + 8. Determine l(0).
48
Let o(b) be the first derivative of -3*b**5/4 + b**4/12 - b**3/6 + b**2/2 + 6*b + 22. Let t(n) be the first derivative of o(n). What is t(1)?
-14
Let k be (-5 + 9 + -3)*2. Let t(h) = 8 - 2*h**3 + 719*h**k + h**3 + h - 718*h**2. Give t(0).
8
Let b(r) = -r**2 + 8*r - 7. Let f = -255 - -291. Suppose -5*v + f + 4 = 0. Give b(v).
-7
Let f(v) be the second derivative of 0 - 1/6*v**3 + 81*v - 1/20*v**5 - 5/12*v**4 + 1/2*v**2. Calculate f(-5).
6
Let a(i) = 2*i**3 - 3*i**2 - i - 12. Let r(s) = -3*s**3 + 7*s**2 + s + 18. Let g(q) = 5*a(q) + 3*r(q). What is g(-7)?
-41
Let f(k) = -k**3 + 8*k**2 - 4*k - 2. Suppose -7*r = 12046 - 45926. Let g be r/680 + 4/(-34). What is f(g)?
19
Let v(b) = b**2 - 12*b - 15. Let n(c) = -512*c + 3596. Let l be n(7). Calculate v(l).
-15
Suppose -3*n - 2 = -11. Let d(u) = -15*u**3 - 13*u**n - 27 + 26 + u - 2*u. What is d(-1)?
28
Let x(v) = 120*v - 238. Suppose -2*l = 43 - 27, -w + 26 = -3*l. Determine x(w).
2
Let z(v) = -3*v**2 - 2*v - 1 + 3*v - 2*v. Suppose 0 = 8*h - 3*h + 50. Let m = h - -8. What is z(m)?
-11
Suppose 12*o + 44 = -40. Let i(w) = -9*w**3 + 2*w**2 + 3*w + 10. Let k(x) = -8*x**3 + x**2 + 2*x + 8. Let y(f) = o*k(f) + 6*i(f). Determine y(-3).
-17
Let n(d) be the second derivative of 1/3*d**3 - 7/12*d**4 + 1 - 2*d - 1/2*d**2. What is n(1)?
-6
Suppose -88*q + 85*q = -6. Let c(n) be the third derivative of n**6/30 - n**5/15 + n**4/8 - 3*n**2. Give c(q).
22
Let y(w) = -4*w. Suppose 0 = -12*v - 10 - 2. Let b be (-20)/(v*4)*(-1 + 2). Determine y(b).
-20
Let b = -7060 - -7055. Let f(q) = q + 15. Give f(b).
10
Suppose -71 = -3*q - 53, 4 = -4*j + 2*q. Let h(d) = 11*d**3 - 3*d**2 + 2*d + 1. Let r(x) = 7*x**3 - 2*x**2 + x + 1. Let v(m) = 5*h(m) - 8*r(m). Determine v(j).
-3
Suppose 3*j = 4*j - 2. Let w be 2*-1*2/j. Let t(g) be the third derivative of -g**5/15 - g**4/8 - g**3/6 + 4*g**2. What is t(w)?
-11
Let m = 606 - 585. Suppose -27 - m = -24*l. Let a(v) = v**3 - 2*v**2 + 3*v - 2. Determine a(l).
4
Let q(b) = -b**3 + 7*b**2 - 11*b + 10. Let c be q(5). Suppose 4*d - 5*k + 16 = d, 3*k = c*d. Let w(t) = 45*t + 7*t**2 + 42*t - 91*t - t**d. Determine w(6).
12
Suppose 5*o - 22 = -3*z, -3*o + 9*z = 8*z - 2. Let q(i) = -3*i**2 + 6 + 10*i + 2*i - 25 + 0*i**o + 2*i**2. Determine q(10).
1
Suppose 11*v = -4*p + 16*v + 25, -6 = -p + v. Let t(u) = -273 + 272 + 4*u + p*u**2 - 2*u**2 + 0*u. Determine t(-3).
14
Let v(o) = o**3 + 2*o**2 - 8*o + 11. Let i = 2216 - 2221. Calculate v(i).
-24
Let p(i) = -411 - 442 - 9*i + 996. Give p(16).
-1
Let s(o) be the second derivative of 29*o**3/6 - 35*o**2/2 - 9345*o. What is s(1)?
-6
Let a(n) = 58*n**2 - 13*n - 9. Let i(y) be the third derivative of 13*y**5/60 - y**4/8 - y**3/3 - 13*y**2 - 7*y. Let o(s) = 4*a(s) - 18*i(s). Calculate o(-2).
-12
Let u be (1 + 14)*(-2)/(-6). Let d(c) = -6*c + 49*c**2 - u - 50*c**2 + 0*c. Let x be (2 + (-4)/6)/((-8)/36). Determine d(x).
-5
Let l(g) = -5*g + 20. Let n be l(4). Suppose n*t - t = -4. Let q(v) = -3 - 11*v**3 - t*v**2 + 6*v**3 - 6*v + 4*v**3 - 2. What is q(-4)?
19
Let c be ((-270)/(-729))/((-16)/(-18)). Let l(z) be the third derivative of -1 + 19*z**2 + 0*z + 1/3*z**3 + c*z**4. Determine l(2).
22
Let 